 Let v = 9 + w. Let h = 5 + 25. What is the remainder when h is divided by v?
14
Suppose -5*b + 2*h - 5*h = 273, -5*h + 265 = -5*b. Calculate the remainder when (-2)/9 - 1416/b is divided by 14.
12
Suppose -1 = -d + 3*v, -19 = -5*d + d - 3*v. What is the remainder when 30 is divided by d?
2
Let c(r) = -r**2 + 7*r - 3. Let h be 14/(-1 + 3) - 1. Let q be c(h). Suppose 2*o + q*o = 25. What is the remainder when o is divided by 3?
2
What is the remainder when 9 is divided by 108/60*10/3?
3
Suppose 0 = -3*b - 0*b + 12. Suppose y + b*y = 50. Suppose 0 = 4*a - 2*n + 14 - 38, 0 = -2*a - 2*n. Calculate the remainder when y is divided by a.
2
Suppose 2*k + 28 = 5*k - t, 2*k = 2*t + 12. Calculate the remainder when 64 is divided by k.
9
Let t(p) = -p**2 + 5*p + 1. Let n be t(4). Suppose -n*q + 36 = -3*q. Suppose 3*w = w + q. Calculate the remainder when 26 is divided by w.
8
Let h(k) = -8*k + 4. Let m be h(-2). Suppose 5*w = -9*q + 4*q + m, w = -3*q - 4. What is the remainder when w is divided by 4?
0
Suppose -6*v = -9*v + 105. Calculate the remainder when v is divided by 6.
5
Suppose -2*n = -4*z - 46 - 10, -5*n + 151 = z. What is the remainder when n is divided by 8?
6
Let s = -2 - -14. What is the remainder when 32 is divided by s?
8
Suppose 0 = 2*d + 6, 0 = 3*j + 5*d + 11 - 14. Suppose -2*v + 4 + 4 = 0. What is the remainder when j is divided by v?
2
Let q = -68 - -84. Calculate the remainder when 44 is divided by q.
12
Let j = 81 + 4. Calculate the remainder when j is divided by 29.
27
Let s = 2 - -4. Let q(g) = -g**2 + 7*g + 4. Let r = 3 - -3. Calculate the remainder when q(s) is divided by r.
4
Suppose -3*x + 152 = -5*m, 6*m + 113 = 2*x + 5*m. What is the remainder when x is divided by 15?
14
Suppose -2*v + 5 = -u - 4, 0 = 3*u - 2*v + 7. Calculate the remainder when 2 - (-24 + u - 2) is divided by 14.
13
Let k(i) = i - 5. Let c be k(3). What is the remainder when (21/(-6))/(c/24) is divided by 11?
9
Suppose 0 = m + 4 - 2, 4*m + 14 = 2*f. Suppose 2*v - 7 - f = 0. What is the remainder when 17 is divided by v?
2
What is the remainder when 75 is divided by (1 + -6 + 38)/1?
9
Let v(r) = 3*r - 16. Let n(m) = m - 5. Let p(q) = -8*n(q) + 3*v(q). Let i be p(7). What is the remainder when 11 is divided by -3 + (-18)/(-2) - i?
4
Suppose 2*y = -10, -4*g - 5*y = -3*g - 12. Calculate the remainder when g is divided by 20.
17
Suppose 4*p - 657 - 123 = 0. Suppose p = 2*n + 3*n. Calculate the remainder when n is divided by 20.
19
Suppose 0 = -5*d + 5, m + 0*m = -d + 9. What is the remainder when 20 is divided by m?
4
Let q(x) = -7*x + 1. Let a be q(-6). Suppose -v = -5*o + 305, 0 = -8*o + 3*o + 5*v + 325. Let c = o - a. Calculate the remainder when 33 is divided by c.
16
Let w be (-44)/(-20) + 2/(-10). Suppose -115 = -3*s - w*s. Calculate the remainder when s is divided by 5.
3
Suppose 4*j - 5*j = 21. Suppose -s + 219 = 2*s. Let d = s + j. Calculate the remainder when d is divided by 18.
16
Let w = 0 - -2. Suppose 3*g - 17 - 10 = -5*n, 2*g - 23 = -5*n. What is the remainder when n is divided by w?
1
Suppose 2*c = -3*v + 40, -6*c + 4*v + 77 = -c. Calculate the remainder when 49 is divided by c.
15
Calculate the remainder when 139 is divided by 3 - (1*-2)/((-2)/(-11)).
13
Suppose -4*g - 86 = -8*g + 2*z, 4*g - 89 = 5*z. What is the remainder when g is divided by 9?
3
Suppose 3*t - 117 = -5*g, -4*g - 154 - 41 = -5*t. Calculate the remainder when t is divided by 14.
11
Let z be 1/2 - (-1)/(-2). Calculate the remainder when -1 + 3/1 + z is divided by 1.
0
Calculate the remainder when 19 is divided by ((-99)/18)/(-2*1/4).
8
Suppose 0 = 4*f - 4*a - 72, -2*f + 4*a = 3 - 47. Let s be (-30)/225 - 4/(-30). Let t(l) = -l**3 - l**2 + 41. Calculate the remainder when t(s) is divided by f.
13
Let y(b) = -7*b - 7. What is the remainder when y(-7) is divided by 11?
9
Suppose -4*l + 20 = -5*t, -2*t - l = -0 - 5. Suppose t = w - 4*c + 9, -c = w + 3*w - 32. Suppose -h + 6 + 7 = 0. What is the remainder when h is divided by w?
6
Suppose 3*a = -2*y - 37 - 16, -3*y = -a - 3. Let q = 28 + a. Calculate the remainder when 37 is divided by q.
11
Let y(b) = b**2 + 4*b. Let s be ((-1)/3)/((-10)/90). Suppose 2*p - 5*p + 70 = 5*l, 0 = s*p. What is the remainder when l is divided by y(-5)?
4
Suppose 0 = h + 4*h + 4*j - 199, -3*j = -5*h + 227. Let z = 74 - h. Calculate the remainder when z is divided by (-6*16/(-9))/(6/9).
15
Let z(r) = -4*r. Let s be z(3). Let h = 20 + s. What is the remainder when 13 is divided by h?
5
Let n = -23 - -42. Calculate the remainder when 53 is divided by n.
15
Suppose -3*p + 2*l = -p, 0 = 3*l - 9. What is the remainder when 3 is divided by p?
0
Let h(u) = 2*u**3 - 4*u**2 - 4*u + 10. Calculate the remainder when 28 is divided by h(3).
12
What is the remainder when 123 is divided by (-1683)/(-54) - (-2)/(-12)?
30
Let t(b) = -b**3 - b**2 - 2. Let o be t(-2). Suppose -x - o = -0. What is the remainder when ((-1)/1)/(x/34) is divided by 5?
2
Let j = 139 + -131. What is the remainder when 23/(-2)*(-5 - -3) is divided by j?
7
Suppose -i = -3*i + 6. Let d = 84 + -83. What is the remainder when i is divided by d?
0
Suppose 2*q + 20 + 26 = -4*u, q - 37 = 3*u. Calculate the remainder when 23 is divided by -3*(-3)/9 - u.
10
Let u(z) = -5*z + 7. Calculate the remainder when u(-5) is divided by ((-44)/(-8))/(1/2).
10
Let i(r) = r**3 + 7*r**2 - 2*r - 1. Calculate the remainder when i(-7) is divided by 8.
5
Let t(n) = 5*n - 7. Suppose -6 = -3*l + 9. Calculate the remainder when t(l) is divided by 7.
4
Let d(r) = 11*r**2 - r + 2. Let o be d(-2). Let j = o + -17. Calculate the remainder when j is divided by 28/(3 + -1) - -2.
15
Suppose 0 = 3*x - 5 - 4. Suppose 0*q + 42 = 2*w + x*q, 2*q = 0. What is the remainder when 61 is divided by w?
19
Suppose -g + 4*c = -73, g + 16 = -4*c + 57. Let i be g - (-1 - (-1 + 3)). Let s = 89 - i. What is the remainder when s is divided by 10?
9
Suppose 12*f + 315 = 15*f. What is the remainder when f is divided by 27?
24
Let x(m) = -m**2 + 2*m. Let b be x(2). Suppose b = f - 5 - 5. Suppose 3*o - 3 = 0, t + 2*o = -2*t + 59. Calculate the remainder when t is divided by f.
9
Let h = 11 + 69. Suppose -4*v = 4*p - h, 3*v - p - 2*p = 42. Calculate the remainder when 31 is divided by v.
14
Let v = 89 - 85. Let g = -8 - -12. Suppose -g*k = 3*n - 27, 0*n = -2*n - 6. Calculate the remainder when k is divided by v.
1
Let a = 199 + -140. Suppose 0 = -0*s - 3*s + 60. Calculate the remainder when a is divided by s.
19
Let c(i) = -i + 2. Let x be c(5). Calculate the remainder when 2 is divided by (-5)/(-3) - (-2)/x.
0
Suppose -b + 80 = 3*b. Calculate the remainder when b is divided by 7.
6
Let i(p) be the third derivative of 0*p + 0 + 2*p**2 + 7/24*p**4 + 1/60*p**5 + 7/6*p**3. Calculate the remainder when 13 is divided by i(-7).
6
Let n = 82 - 29. What is the remainder when n is divided by 11?
9
Suppose -4*y + 5*m + 37 = 0, -3*y + m - 2 = -38. Suppose -y + 36 = x. Suppose 2*f + 0*f = 24. What is the remainder when x is divided by f?
11
Let h = 1 - -6. Let y be -1*11*3/(-3). Let g = 1 + y. Calculate the remainder when g is divided by h.
5
Suppose -5*k - 45 + 740 = 0. Let s = -22 + k. What is the remainder when s is divided by 30?
27
Let p = -173 + 236. Let i(c) = -3*c + 1. What is the remainder when p is divided by i(-5)?
15
Let x(r) = 5*r**3 + r**2 + r - 1. Suppose j - 2 + 1 = 0. Let y = 8 - -1. What is the remainder when y is divided by x(j)?
3
Let c(n) = n**2 - 8*n - 15. What is the remainder when 88 is divided by c(11)?
16
Suppose u + 3 = -1. Let v(t) = -t**3 - 3*t**2 + 2*t - 4. Calculate the remainder when 11 is divided by v(u).
3
Calculate the remainder when 48 is divided by 4 - ((0 - -1) + -4).
6
Let f(h) = h**3 + 1. What is the remainder when f(3) is divided by 10?
8
Let i = -37 - -77. Suppose -b + 4*b = 42. What is the remainder when i is divided by b?
12
Let a = -53 + 78. Calculate the remainder when 68 is divided by a.
18
Suppose -3*s + 8*s - 125 = 0. What is the remainder when s is divided by -2*((-13)/2 - 0)?
12
Suppose -5*y + 7 + 13 = 0, -3*d + 23 = 5*y. Let j(q) = 2*q + 6*q + 2*q + 1. What is the remainder when 32 is divided by j(d)?
10
What is the remainder when (1 + 2)*68/6 is divided by ((-75)/(-21) + -1)*56/12?
10
Let z = 9 + -1. What is the rema